
False
Does 8015 divide 567854264?
False
Is 1586973648 a multiple of 12?
True
Does 4466 divide 11410630?
True
Is 3293631816 a multiple of 34?
True
Is 228628091 a multiple of 1036?
False
Is 30 a factor of 156399060?
True
Is 439498406 a multiple of 649?
False
Is 22908465 a multiple of 2?
False
Is 44488280 a multiple of 82?
True
Is 50 a factor of 2684566944?
False
Is 55218618 a multiple of 1547?
True
Is 2882408252 a multiple of 58?
True
Does 124 divide 31668732?
True
Is 9392689 a multiple of 22?
False
Is 24941236 a multiple of 23?
False
Is 140317936 a multiple of 8?
True
Is 76618517 a multiple of 120?
False
Is 382137954 a multiple of 892?
False
Is 425722840 a multiple of 34?
True
Is 987962491 a multiple of 619?
False
Is 11 a factor of 576959144?
False
Is 1571 a factor of 81129312?
False
Does 4 divide 178660998?
False
Is 702 a factor of 2147591394?
True
Is 578142149 a multiple of 249?
False
Is 1217019771 a multiple of 8?
False
Is 39 a factor of 414047868?
True
Does 37 divide 19077792?
True
Is 180 a factor of 16414733?
False
Is 2503138 a multiple of 22?
True
Is 7 a factor of 10389848?
True
Is 164 a factor of 444134303?
False
Does 7 divide 37802961?
True
Does 6 divide 722483670?
True
Is 14 a factor of 14017276?
True
Is 48914127 a multiple of 58?
False
Does 280 divide 645234520?
True
Is 141 a factor of 46807105?
False
Does 339 divide 50582868?
True
Is 6 a factor of 5751524?
False
Is 10 a factor of 101763140?
True
Does 5 divide 79364265?
True
Is 76 a factor of 4318533203?
False
Does 149 divide 6852808?
True
Does 65 divide 37914671?
False
Is 96 a factor of 9998304?
True
Is 252154996 a multiple of 166?
True
Is 41509440 a multiple of 160?
True
Is 425 a factor of 204263925?
True
Is 11 a factor of 14489618?
True
Is 410000231 a multiple of 1485?
False
Is 455653321 a multiple of 97?
False
Is 241096125 a multiple of 4?
False
Is 31 a factor of 8244869585?
True
Is 316565217 a multiple of 699?
True
Does 492 divide 53682775?
False
Is 620 a factor of 1621206466?
False
Is 1265040 a multiple of 4?
True
Is 39828906 a multiple of 20?
False
Does 304 divide 578419661?
False
Does 97 divide 3621004935?
False
Is 172 a factor of 38710320?
True
Does 242 divide 15904920?
False
Does 11 divide 1632403950?
False
Does 215 divide 3522608869?
False
Is 1339086 a multiple of 6?
True
Is 2049 a factor of 3291778782?
False
Is 23 a factor of 188539165?
True
Does 8 divide 123181864?
True
Is 1453 a factor of 28412645?
False
Is 17 a factor of 1901954759?
False
Is 553 a factor of 726297902?
False
Is 472138784 a multiple of 52?
True
Does 1240 divide 7235458?
False
Is 276 a factor of 58154539?
False
Is 1275 a factor of 27596100?
True
Is 153 a factor of 65780820?
True
Is 8 a factor of 33456726?
False
Does 33 divide 1031520379?
False
Is 21124012 a multiple of 886?
True
Is 513 a factor of 245095942?
False
Is 7513 a factor of 2011139228?
False
Does 90 divide 79435276?
False
Does 35 divide 14059492?
False
Is 1977846 a multiple of 13?
True
Does 109 divide 35199334?
False
Is 3748704 a multiple of 6?
True
Is 581 a factor of 6109718623?
False
Is 195 a factor of 34383813?
False
Is 61 a factor of 46142062?
False
Does 235 divide 23337859?
False
Is 17 a factor of 25524800?
False
Does 4171 divide 217501391?
False
Is 1146 a factor of 5277330?
True
Is 8 a factor of 43600688?
True
Is 12738432 a multiple of 168?
True
Is 5326866 a multiple of 5?
False
Does 9 divide 689934?
False
Is 6 a factor of 1065865474?
False
Does 138 divide 4228182?
True
Does 2 divide 3702506?
True
Is 408 a factor of 89486863?
False
Is 8 a factor of 35347136?
True
Does 102 divide 204320912?
False
Does 6789 divide 1889609526?
True
Is 1626 a factor of 195767109?
False
Does 35 divide 54076308?
False
Is 9 a factor of 62304498?
True
Does 336 divide 79917264?
True
Does 2001 divide 4531791890?
False
Is 40 a factor of 10521800?
True
Is 507238539 a multiple of 25?
False
Is 30 a factor of 2724780?
True
Is 25307084 a multiple of 68?
True
Is 1044 a factor of 354847462?
False
Is 18 a factor of 1835316?
True
Is 149985964 a multiple of 15?
False
Is 496250961 a multiple of 571?
True
Does 2338 divide 507203382?
True
Does 1130 divide 199330084?
False
Is 810 a factor of 380722776?
False
Is 27 a factor of 89537879?
False
Does 29 divide 14788695?
True
Is 32 a factor of 1597617216?
True
Is 4709073 a multiple of 136?
False
Is 144 a factor of 119308752?
True
Is 685159834 a multiple of 1254?
False
Is 4592 a factor of 1063303644?
False
Is 7 a factor of 200466501?
False
Does 33 divide 119011893?
True
Does 261 divide 162594363?
False
Does 30 divide 184003672?
False
Is 10271 a factor of 420576908?
True
Is 1896 a factor of 618629239?
False
Does 285 divide 4297596795?
True
Is 167072624 a multiple of 38?
True
Is 7255413 a multiple of 459?
True
Is 28950064 a multiple of 136?
False
Is 4877912 a multiple of 89?
True
Is 1873791000 a multiple of 2040?
True
Is 66318208 a multiple of 2368?
True
Does 55 divide 1050628430?
False
Does 944 divide 192555232?
True
Is 25 a factor of 44783000?
True
Does 164 divide 57797372?
True
Is 5242 a factor of 505070096?
False
Does 35 divide 3115735?
True
Is 573471408 a multiple of 38?
False
Does 1766 divide 73368913?
False
Does 116 divide 13636612?
True
Is 1399092443 a multiple of 3053?
False
Is 66587646 a multiple of 1316?
False
Is 36072432 a multiple of 144?
True
Does 57 divide 22875544?
False
Is 1091226080 a multiple of 560?
True
Does 33 divide 365244?
True
Is 936 a factor of 11886095?
False
Does 18 divide 5552452?
False
Does 130 divide 24729770?
True
Is 1053690660 a multiple of 1980?
True
Does 588 divide 15170400?
True
Is 189299066 a multiple of 58?
True
Does 80 divide 185370960?
True
Is 4 a factor of 725277928?
True
Is 1011 a factor of 15419772?
True
Does 1230 divide 654820272?
False
Is 94080214 a multiple of 35?
False
Is 325 a factor of 92220239?
False
Is 5684 a factor of 964223361?
False
Is 55 a factor of 44605566?
False
Is 40177998 a multiple of 16?
False
Is 244292178 a multiple of 1458?
False
Is 2956233795 a multiple of 7737?
False
Does 39 divide 58086444?
True
Does 115 divide 42245509?
False
Does 523 divide 15188966?
True
Is 220 a factor of 658229880?
True
Is 70800308 a multiple of 38?
True
Is 2891806188 a multiple of 327?
True
Does 91 divide 1317566?
False
Does 351 divide 1254261645?
True
Is 84 a factor of 1368356832?
False
Is 7 a factor of 21131005?
True
Is 17 a factor of 926972328?
True
Is 5251 a factor of 586920023?
True
Does 29 divide 1222940?
False
Is 2513 a factor of 37056698?
True
Is 17 a factor of 499866743?
False
Is 64 a factor of 467797907?
False
Is 377 a factor of 125567908?
False
Does 2338 divide 19610340?
False
Is 945 a factor of 240278535?
True
Is 157492263 a multiple of 594?
False
Does 600 divide 1185846281?
False
Is 10811994 a multiple of 78?
False
Does 55 divide 18182781?
False
Is 36302183 a multiple of 769?
True
Does 264 divide 4492791600?
True
Does 1051 divide 145936396?
False
Is 152 a factor of 26533672?
False
Is 2940837 a multiple of 47?
True
Is 49 a factor of 7769538?
True
Does 16 divide 1615820381?
False
Is 11 a factor of 71841198?
True
Is 680 a factor of 30367668?
False
Is 2887 a factor of 478901334?
True
Is 702787088 a multiple of 30?
False
Does 369 divide 10541659?
False
Is 2205298809 a multiple of 63?
True
Is 112 a factor of 222339488?
True
Does 95 divide 183914395?
True
Does 2 divide 22886122?
True
Is 27005380 a multiple of 585?
False
Is 3308 a factor of 305387206?
False
Is 40 a factor of 8821336?
False
Is 13 a factor of 6506637?
False
Is 4878021894 a multiple of 10533?
True
Is 5 a factor of 46508130?
True
Is 59495740 a multiple of 3350?
False
Is 6250598 a multiple of 83?
False
Is 314506973 a multiple of 6?
False
Is 3729100621 a multiple of 1013?
False
Does 1659 divide 208362105?
True
Is 55820814 a multiple of 8?
False
Is 598 a factor of 70342593?
False
Does 2923 divide 84309138?
False
Is 292 a factor of 397476824?
True
Does 4 divide 553713775?
False
Does 1980 divide 294546398?
False
Is 1085 a factor of 35491435?
True
Does 5419 divide 1273649246?
True
Does 4 divide 1676168?
True
Is 31 a factor of 943763?
False
Is 124 a factor of 366378336?
True
Is 6189768 a multiple of 51?
True
Is 119 a factor of 144925103?
False
Is 65688928 a multiple of 19?
True
Is 111035691 a multiple of 3159?
True
Is 5555488 a multip